f 33540 and 520?
260
Calculate the greatest common factor of 756 and 2940.
84
Calculate the greatest common divisor of 931 and 1064.
133
Calculate the highest common factor of 748 and 44.
44
What is the highest common factor of 13 and 559?
13
What is the greatest common divisor of 2040 and 731?
17
What is the highest common divisor of 465 and 395?
5
What is the highest common divisor of 3 and 4503?
3
Calculate the highest common factor of 1215 and 15.
15
Calculate the highest common divisor of 264 and 33.
33
What is the greatest common factor of 20 and 2?
2
Calculate the highest common factor of 56 and 49.
7
Calculate the greatest common divisor of 120 and 4740.
60
What is the greatest common divisor of 2494 and 58?
58
What is the greatest common divisor of 5 and 2920?
5
What is the greatest common factor of 1 and 127?
1
What is the greatest common factor of 14675 and 25?
25
Calculate the highest common factor of 288 and 30.
6
Calculate the greatest common factor of 5170 and 1100.
110
Calculate the greatest common factor of 18 and 19368.
18
What is the greatest common factor of 87 and 3161?
29
Calculate the highest common divisor of 1872 and 13.
13
What is the greatest common divisor of 48 and 3728?
16
What is the highest common factor of 6315 and 6?
3
What is the highest common factor of 201 and 2345?
67
Calculate the highest common factor of 280 and 14.
14
What is the greatest common divisor of 29 and 1247?
29
What is the greatest common divisor of 65 and 13?
13
What is the highest common divisor of 169 and 52?
13
Calculate the greatest common divisor of 5 and 355.
5
What is the highest common factor of 48 and 624?
48
What is the greatest common factor of 36 and 8?
4
Calculate the greatest common factor of 30 and 1335.
15
What is the highest common divisor of 16 and 944?
16
What is the highest common factor of 18326 and 154?
154
What is the highest common divisor of 7 and 581?
7
Calculate the highest common divisor of 6490 and 110.
110
Calculate the greatest common factor of 42 and 180.
6
What is the highest common factor of 18 and 2?
2
What is the highest common factor of 84 and 2044?
28
Calculate the greatest common factor of 160 and 320.
160
What is the highest common divisor of 34 and 629?
17
What is the greatest common factor of 7 and 203?
7
What is the greatest common divisor of 4 and 638?
2
What is the greatest common divisor of 14 and 7?
7
What is the highest common factor of 59 and 2?
1
Calculate the highest common divisor of 17 and 15691.
17
Calculate the greatest common factor of 1113 and 265.
53
Calculate the greatest common divisor of 5698 and 14.
14
What is the greatest common factor of 45 and 1521?
9
Calculate the highest common factor of 344 and 43.
43
Calculate the highest common divisor of 48 and 1168.
16
What is the greatest common divisor of 68198 and 43?
43
Calculate the highest common factor of 735 and 3969.
147
What is the greatest common factor of 2886 and 13?
13
Calculate the greatest common factor of 28 and 44.
4
Calculate the greatest common divisor of 32 and 544.
32
Calculate the highest common factor of 6 and 16.
2
What is the highest common divisor of 21 and 24?
3
Calculate the greatest common factor of 399 and 969.
57
Calculate the greatest common factor of 41683 and 73.
73
Calculate the highest common divisor of 75 and 345.
15
What is the greatest common divisor of 47 and 517?
47
Calculate the highest common divisor of 28 and 252.
28
Calculate the greatest common factor of 3585 and 15.
15
What is the highest common divisor of 150 and 100?
50
Calculate the greatest common factor of 70 and 896.
14
Calculate the highest common factor of 6850 and 50.
50
What is the greatest common factor of 1280 and 480?
160
Calculate the greatest common divisor of 1244 and 4.
4
What is the highest common divisor of 31 and 217?
31
What is the greatest common factor of 1876 and 196?
28
Calculate the greatest common divisor of 9 and 81.
9
Calculate the greatest common factor of 1440 and 192.
96
What is the greatest common divisor of 58 and 1073?
29
What is the greatest common factor of 16 and 144?
16
What is the highest common divisor of 250 and 63750?
250
Calculate the greatest common divisor of 1407 and 21.
21
Calculate the highest common divisor of 9 and 288.
9
What is the greatest common factor of 848 and 16?
16
What is the greatest common factor of 54 and 558?
18
What is the highest common divisor of 3003 and 21?
21
Calculate the highest common factor of 4 and 668.
4
What is the greatest common divisor of 2955 and 15?
15
What is the greatest common factor of 1337 and 28?
7
Calculate the greatest common factor of 189 and 273.
21
Calculate the greatest common factor of 1875 and 75.
75
What is the greatest common factor of 42 and 182?
14
Calculate the greatest common divisor of 72 and 162.
18
Calculate the highest common factor of 13188 and 588.
84
What is the greatest common divisor of 102 and 12?
6
Calculate the highest common factor of 29 and 8.
1
Calculate the highest common divisor of 700 and 75.
25
What is the highest common factor of 31 and 12617?
31
Calculate the highest common factor of 600 and 1920.
120
Calculate the greatest common factor of 2945 and 190.
95
What is the greatest common divisor of 11560 and 867?
289
What is the greatest common factor of 616 and 847?
77
Calculate the highest common factor of 4758 and 169.
13
Calculate the greatest common factor of 22 and 440.
22
What is the highest common divisor of 51 and 8007?
51
What is the highest common factor of 330 and 110?
110
Calculate the highest common divisor of 86 and 1247.
43
Calculate the highest common factor of 165 and 132.
33
What is the highest common factor of 114 and 6?
6
What is the greatest common factor of 2055 and 274?
137
Calculate the highest common divisor of 30 and 18.
6
What is the greatest common factor of 11 and 1045?
11
What is the greatest common divisor of 4410 and 56?
14
Calculate the greatest common divisor of 16 and 1304.
8
What is the highest common factor of 624 and 5460?
156
Calculate the highest common factor of 3925 and 314.
157
Calculate the greatest common divisor of 125 and 425.
25
Calculate the greatest common factor of 1633 and 71.
71
Calculate the highest common divisor of 132 and 1364.
44
Calculate the highest common factor of 40608 and 8.
8
What is the highest common divisor of 7174 and 34?
34
What is the greatest common factor of 2 and 46?
2
Calculate the greatest common divisor of 639 and 63.
9
What is the greatest common factor of 19 and 2071?
19
What is the highest common factor of 240 and 1280?
80
What is the highest common factor of 52 and 104?
52
What is the highest common factor of 148 and 37?
37
What is the greatest common factor of 12 and 1524?
12
What is the highest common factor of 70 and 28?
14
Calculate the greatest common divisor of 976 and 16.
16
What is the highest common factor of 92 and 428?
4
What is the greatest common factor of 253 and 99?
11
What is the greatest common divisor of 96 and 80?
16
What is the highest common divisor of 90 and 140?
10
What is the highest common factor of 1095 and 15?
15
What is the greatest common factor of 532 and 140?
28
Calculate the highest common factor of 9824 and 1535.
307
What is the highest common divisor of 78515 and 383?
383
What is the greatest common factor of 13 and 91?
13
Calculate the highest common factor of 323 and 76.
19
Calculate the greatest common divisor of 805 and 245.
35
What is the greatest common divisor of 12 and 604?
4
Calculate the highest common divisor of 12942 and 90.
18
Calculate the highest common factor of 539 and 11.
11
What is the highest common divisor of 18 and 3834?
18
What is the greatest common factor of 560 and 1040?
80
What is the greatest common factor of 154 and 2882?
22
What is the greatest common factor of 22 and 22462?
22
What is the greatest common factor of 2 and 9?
1
What is the highest common divisor of 48 and 10128?
48
Calculate the greatest common divisor of 15 and 15.
15
What is the highest common divisor of 25404 and 87?
87
What is the greatest common divisor of 264 and 48?
24
What is the greatest common divisor of 1365 and 105?
105
Calculate the greatest common divisor of 546 and 42.
42
Calculate the greatest